[INFO] fetching crate swindon 0.7.8...
[INFO] checking swindon-0.7.8 against master#af3c6e733a40e671550e0f0f5aeecaa13772ba56 for pr-74989
[INFO] extracting crate swindon 0.7.8 into /workspace/builds/worker-1/source
[INFO] validating manifest of crates.io crate swindon 0.7.8 on toolchain af3c6e733a40e671550e0f0f5aeecaa13772ba56
[INFO] running `Command { std: "/workspace/cargo-home/bin/cargo" "+af3c6e733a40e671550e0f0f5aeecaa13772ba56" "read-manifest" "--manifest-path" "Cargo.toml", kill_on_drop: false }`
[INFO] started tweaking crates.io crate swindon 0.7.8
[INFO] finished tweaking crates.io crate swindon 0.7.8
[INFO] tweaked toml for crates.io crate swindon 0.7.8 written to /workspace/builds/worker-1/source/Cargo.toml
[INFO] running `Command { std: "/workspace/cargo-home/bin/cargo" "+af3c6e733a40e671550e0f0f5aeecaa13772ba56" "generate-lockfile" "--manifest-path" "Cargo.toml" "-Zno-index-update", kill_on_drop: false }`
[INFO] running `Command { std: "/workspace/cargo-home/bin/cargo" "+af3c6e733a40e671550e0f0f5aeecaa13772ba56" "fetch" "--locked" "--manifest-path" "Cargo.toml", kill_on_drop: false }`
[INFO] running `Command { std: "docker" "create" "-v" "/var/lib/crater-agent-workspace/builds/worker-1/target:/opt/rustwide/target:rw,Z" "-v" "/var/lib/crater-agent-workspace/builds/worker-1/source:/opt/rustwide/workdir:ro,Z" "-v" "/var/lib/crater-agent-workspace/cargo-home:/opt/rustwide/cargo-home:ro,Z" "-v" "/var/lib/crater-agent-workspace/rustup-home:/opt/rustwide/rustup-home:ro,Z" "-e" "SOURCE_DIR=/opt/rustwide/workdir" "-e" "CARGO_TARGET_DIR=/opt/rustwide/target" "-e" "CARGO_HOME=/opt/rustwide/cargo-home" "-e" "RUSTUP_HOME=/opt/rustwide/rustup-home" "-w" "/opt/rustwide/workdir" "-m" "1610612736" "--user" "0:0" "--network" "none" "rustops/crates-build-env@sha256:d92eaeed33fa75130ca1ee6c8a01d1ffb62bac859dfdfb3450e3e5d1c0146529" "/opt/rustwide/cargo-home/bin/cargo" "+af3c6e733a40e671550e0f0f5aeecaa13772ba56" "metadata" "--no-deps" "--format-version=1", kill_on_drop: false }`
[INFO] [stderr] WARNING: Your kernel does not support swap limit capabilities or the cgroup is not mounted. Memory limited without swap.
[INFO] [stdout] 2729cdd0be035d1b3c5fdf3d1523f8b06d5117ce078af72303716438ca53c833
[INFO] running `Command { std: "docker" "start" "-a" "2729cdd0be035d1b3c5fdf3d1523f8b06d5117ce078af72303716438ca53c833", kill_on_drop: false }`
[INFO] running `Command { std: "docker" "inspect" "2729cdd0be035d1b3c5fdf3d1523f8b06d5117ce078af72303716438ca53c833", kill_on_drop: false }`
[INFO] running `Command { std: "docker" "rm" "-f" "2729cdd0be035d1b3c5fdf3d1523f8b06d5117ce078af72303716438ca53c833", kill_on_drop: false }`
[INFO] [stdout] 2729cdd0be035d1b3c5fdf3d1523f8b06d5117ce078af72303716438ca53c833
[INFO] running `Command { std: "docker" "create" "-v" "/var/lib/crater-agent-workspace/builds/worker-1/target:/opt/rustwide/target:rw,Z" "-v" "/var/lib/crater-agent-workspace/builds/worker-1/source:/opt/rustwide/workdir:ro,Z" "-v" "/var/lib/crater-agent-workspace/cargo-home:/opt/rustwide/cargo-home:ro,Z" "-v" "/var/lib/crater-agent-workspace/rustup-home:/opt/rustwide/rustup-home:ro,Z" "-e" "SOURCE_DIR=/opt/rustwide/workdir" "-e" "CARGO_TARGET_DIR=/opt/rustwide/target" "-e" "CARGO_INCREMENTAL=0" "-e" "RUST_BACKTRACE=full" "-e" "RUSTFLAGS=--cap-lints=forbid" "-e" "CARGO_HOME=/opt/rustwide/cargo-home" "-e" "RUSTUP_HOME=/opt/rustwide/rustup-home" "-w" "/opt/rustwide/workdir" "-m" "1610612736" "--user" "0:0" "--network" "none" "rustops/crates-build-env@sha256:d92eaeed33fa75130ca1ee6c8a01d1ffb62bac859dfdfb3450e3e5d1c0146529" "/opt/rustwide/cargo-home/bin/cargo" "+af3c6e733a40e671550e0f0f5aeecaa13772ba56" "check" "--frozen" "--all" "--all-targets" "--message-format=json", kill_on_drop: false }`
[INFO] [stdout] dca9b128832b85dd92f42bfdc8c30e2bbf84c0592f50477dc48d0849245aa526
[INFO] [stderr] WARNING: Your kernel does not support swap limit capabilities or the cgroup is not mounted. Memory limited without swap.
[INFO] running `Command { std: "docker" "start" "-a" "dca9b128832b85dd92f42bfdc8c30e2bbf84c0592f50477dc48d0849245aa526", kill_on_drop: false }`
[INFO] [stderr]    Compiling libc v0.2.77
[INFO] [stderr]     Checking cfg-if v0.1.10
[INFO] [stderr]    Compiling autocfg v1.0.1
[INFO] [stderr]    Compiling log v0.4.11
[INFO] [stderr]     Checking lazy_static v1.4.0
[INFO] [stderr]    Compiling maybe-uninit v2.0.0
[INFO] [stderr]     Checking scopeguard v1.1.0
[INFO] [stderr]     Checking quick-error v1.2.3
[INFO] [stderr]    Compiling autocfg v0.1.7
[INFO] [stderr]    Compiling rand_core v0.4.2
[INFO] [stderr]    Compiling version_check v0.1.5
[INFO] [stderr]    Compiling serde v1.0.116
[INFO] [stderr]    Compiling memchr v2.3.3
[INFO] [stderr]    Compiling siphasher v0.2.3
[INFO] [stderr]     Checking scoped-tls v0.1.2
[INFO] [stderr]    Compiling proc-macro2 v1.0.21
[INFO] [stderr]     Checking matches v0.1.8
[INFO] [stderr]     Checking tinyvec v0.3.4
[INFO] [stderr]    Compiling unicode-xid v0.2.1
[INFO] [stderr]    Compiling httparse v1.3.4
[INFO] [stderr]    Compiling syn v1.0.40
[INFO] [stderr]     Checking percent-encoding v1.0.1
[INFO] [stderr]     Checking httpdate v0.3.2
[INFO] [stderr]    Compiling serde_derive v1.0.116
[INFO] [stderr]     Checking netbuf v0.4.1
[INFO] [stderr]     Checking utf8-ranges v0.1.3
[INFO] [stderr]     Checking regex-syntax v0.3.9
[INFO] [stderr]     Checking sha1 v0.4.0
[INFO] [stderr]     Checking constant_time_eq v0.1.5
[INFO] [stderr]     Checking stable_deref_trait v1.2.0
[INFO] [stderr]     Checking atomic v0.3.4
[INFO] [stderr]     Checking lazy_static v0.2.11
[INFO] [stderr]     Checking assert_matches v1.3.0
[INFO] [stderr]     Checking tokio-sync v0.1.8
[INFO] [stderr]     Checking async-slot v0.1.0
[INFO] [stderr]     Checking lock_api v0.3.4
[INFO] [stderr]     Checking thread_local v0.3.6
[INFO] [stderr]     Checking thread_local v1.0.1
[INFO] [stderr]     Checking humantime v1.3.0
[INFO] [stderr]     Checking unicode-bidi v0.3.4
[INFO] [stderr]    Compiling rand_core v0.3.1
[INFO] [stderr]    Compiling rand_jitter v0.1.4
[INFO] [stderr]     Checking unicode-normalization v0.1.13
[INFO] [stderr]     Checking owning_ref v0.3.3
[INFO] [stderr]    Compiling unicase v1.4.2
[INFO] [stderr]    Compiling rand_isaac v0.1.1
[INFO] [stderr]    Compiling rand_hc v0.1.0
[INFO] [stderr]    Compiling rand_xorshift v0.1.1
[INFO] [stderr]     Checking combine v2.5.2
[INFO] [stderr]    Compiling parking_lot_core v0.6.2
[INFO] [stderr]    Compiling parking_lot v0.9.0
[INFO] [stderr]     Checking generic-array v0.9.0
[INFO] [stderr]     Checking generic-array v0.11.1
[INFO] [stderr]    Compiling crossbeam-utils v0.7.2
[INFO] [stderr]    Compiling memoffset v0.5.5
[INFO] [stderr]    Compiling crossbeam-epoch v0.8.2
[INFO] [stderr]    Compiling num-traits v0.2.12
[INFO] [stderr]     Checking smallvec v0.6.13
[INFO] [stderr]    Compiling rand_chacha v0.1.1
[INFO] [stderr]    Compiling rand_pcg v0.1.2
[INFO] [stderr]    Compiling rand v0.6.5
[INFO] [stderr]     Checking log v0.3.9
[INFO] [stderr]     Checking aho-corasick v0.6.10
[INFO] [stderr]     Checking aho-corasick v0.7.13
[INFO] [stderr]     Checking digest v0.7.6
[INFO] [stderr]     Checking crypto-mac v0.5.2
[INFO] [stderr]    Compiling quote v1.0.7
[INFO] [stderr]     Checking digest-writer v0.3.1
[INFO] [stderr]     Checking blake2 v0.7.1
[INFO] [stderr]     Checking mime v0.2.6
[INFO] [stderr]     Checking iovec v0.1.4
[INFO] [stderr]     Checking num_cpus v1.13.0
[INFO] [stderr]     Checking net2 v0.2.35
[INFO] [stderr]     Checking rand v0.4.6
[INFO] [stderr]     Checking memchr v0.1.11
[INFO] [stderr]     Checking thread-id v2.0.0
[INFO] [stderr]     Checking atty v0.2.14
[INFO] [stderr]     Checking time v0.1.44
[INFO] [stderr]     Checking phf_shared v0.7.24
[INFO] [stderr]     Checking regex v0.2.11
[INFO] [stderr]     Checking bytes v0.4.12
[INFO] [stderr]    Compiling rand_os v0.1.3
[INFO] [stderr]     Checking aho-corasick v0.5.3
[INFO] [stderr]     Checking futures-cpupool v0.1.8
[INFO] [stderr]     Checking idna v0.1.5
[INFO] [stderr]     Checking thread_local v0.2.7
[INFO] [stderr]     Checking mio v0.6.22
[INFO] [stderr]     Checking phf v0.7.24
[INFO] [stderr]     Checking tokio-executor v0.1.10
[INFO] [stderr]     Checking crossbeam-queue v0.2.3
[INFO] [stderr]     Checking tokio-io v0.1.13
[INFO] [stderr]     Checking regex v0.1.80
[INFO] [stderr]     Checking regex v1.3.9
[INFO] [stderr]     Checking crossbeam-deque v0.7.3
[INFO] [stderr]     Checking tokio-timer v0.2.13
[INFO] [stderr]     Checking tokio-current-thread v0.1.7
[INFO] [stderr]     Checking abstract-ns v0.4.3
[INFO] [stderr]     Checking num-traits v0.1.43
[INFO] [stderr]     Checking humannum v0.1.0
[INFO] [stderr]     Checking tokio-threadpool v0.1.18
[INFO] [stderr]     Checking url v1.7.2
[INFO] [stderr]     Checking ns-std-threaded v0.3.0
[INFO] [stderr]     Checking tokio-codec v0.1.2
[INFO] [stderr]     Checking tk-bufstream v0.3.0
[INFO] [stderr]     Checking tokio-reactor v0.1.12
[INFO] [stderr]     Checking mio-uds v0.6.8
[INFO] [stderr]     Checking env_logger v0.3.5
[INFO] [stderr]    Compiling phf_generator v0.7.24
[INFO] [stderr]     Checking tokio-fs v0.1.7
[INFO] [stderr]    Compiling phf_codegen v0.7.24
[INFO] [stderr]     Checking tokio-udp v0.1.6
[INFO] [stderr]     Checking tokio-tcp v0.1.4
[INFO] [stderr]     Checking tokio-uds v0.2.7
[INFO] [stderr]     Checking env_logger v0.5.13
[INFO] [stderr]    Compiling mime_guess v1.8.8
[INFO] [stderr]     Checking tokio v0.1.22
[INFO] [stderr]     Checking tokio-core v0.1.17
[INFO] [stderr]     Checking tk-http v0.3.9
[INFO] [stderr]     Checking tk-listen v0.1.1
[INFO] [stderr]     Checking tk-pool v0.5.3
[INFO] [stderr]     Checking ns-router v0.1.6
[INFO] [stderr]     Checking http-file-headers v0.1.8
[INFO] [stderr]     Checking serde_json v1.0.57
[INFO] [stderr]     Checking string-intern v0.1.7
[INFO] [stderr]     Checking quire v0.3.1
[INFO] [stderr]     Checking httpbin v0.3.3
[INFO] [stderr]     Checking trimmer v0.3.6
[INFO] [stderr]     Checking libcantal v0.3.2
[INFO] [stderr]     Checking self-meter v0.6.0
[INFO] [stderr]     Checking self-meter-http v0.4.1
[INFO] [stderr]     Checking swindon v0.7.8 (/opt/rustwide/workdir)
[INFO] [stdout] warning: unnecessary parentheses around function argument
[INFO] [stdout]    --> src/chat/backend.rs:310:12
[INFO] [stdout]     |
[INFO] [stdout] 310 |         Ok((Async::Ready(data.len())))
[INFO] [stdout]     |            ^^^^^^^^^^^^^^^^^^^^^^^^^^ help: remove these parentheses
[INFO] [stdout]     |
[INFO] [stdout]     = note: `#[warn(unused_parens)]` on by default
[INFO] [stdout] 
[INFO] [stdout] 
[INFO] [stdout] warning: unnecessary parentheses around function argument
[INFO] [stdout]    --> src/chat/backend.rs:412:12
[INFO] [stdout]     |
[INFO] [stdout] 412 |         Ok((Async::Ready(data.len())))
[INFO] [stdout]     |            ^^^^^^^^^^^^^^^^^^^^^^^^^^ help: remove these parentheses
[INFO] [stdout] 
[INFO] [stdout] 
[INFO] [stdout] warning: unnecessary parentheses around function argument
[INFO] [stdout]    --> src/chat/backend.rs:450:12
[INFO] [stdout]     |
[INFO] [stdout] 450 |         Ok((Async::Ready(data.len())))
[INFO] [stdout]     |            ^^^^^^^^^^^^^^^^^^^^^^^^^^ help: remove these parentheses
[INFO] [stdout] 
[INFO] [stdout] 
[INFO] [stdout] warning: `...` range patterns are deprecated
[INFO] [stdout]   --> src/handlers/files/decode.rs:24:13
[INFO] [stdout]    |
[INFO] [stdout] 24 |         b'0'...b'9' => Ok(b & 0x0f),
[INFO] [stdout]    |             ^^^ help: use `..=` for an inclusive range
[INFO] [stdout]    |
[INFO] [stdout]    = note: `#[warn(ellipsis_inclusive_range_patterns)]` on by default
[INFO] [stdout] 
[INFO] [stdout] 
[INFO] [stdout] warning: `...` range patterns are deprecated
[INFO] [stdout]   --> src/handlers/files/decode.rs:25:13
[INFO] [stdout]    |
[INFO] [stdout] 25 |         b'a'...b'f' | b'A'...b'F' => Ok((b & 0x0f) + 9),
[INFO] [stdout]    |             ^^^ help: use `..=` for an inclusive range
[INFO] [stdout] 
[INFO] [stdout] 
[INFO] [stdout] warning: `...` range patterns are deprecated
[INFO] [stdout]   --> src/handlers/files/decode.rs:25:27
[INFO] [stdout]    |
[INFO] [stdout] 25 |         b'a'...b'f' | b'A'...b'F' => Ok((b & 0x0f) + 9),
[INFO] [stdout]    |                           ^^^ help: use `..=` for an inclusive range
[INFO] [stdout] 
[INFO] [stdout] 
[INFO] [stdout] warning: trait objects without an explicit `dyn` are deprecated
[INFO] [stdout]   --> src/handlers/self_status.rs:29:39
[INFO] [stdout]    |
[INFO] [stdout] 29 |             metrics: Json<'a, Vec<Box<Collection>>>,
[INFO] [stdout]    |                                       ^^^^^^^^^^ help: use `dyn`: `dyn Collection`
[INFO] [stdout]    |
[INFO] [stdout]    = note: `#[warn(bare_trait_objects)]` on by default
[INFO] [stdout] 
[INFO] [stdout] 
[INFO] [stdout] warning: trait objects without an explicit `dyn` are deprecated
[INFO] [stdout]   --> src/http_pools.rs:51:9
[INFO] [stdout]    |
[INFO] [stdout] 51 |     Box<Codec<TcpStream, Future=HttpFuture<TcpStream>>+Send>,
[INFO] [stdout]    |         ^^^^^^^^^^^^^^^^^^^^^^^^^^^^^^^^^^^^^^^^^^^^^^^^^^^ help: use `dyn`: `dyn Codec<TcpStream, Future=HttpFuture<TcpStream>>+Send`
[INFO] [stdout] 
[INFO] [stdout] 
[INFO] [stdout] warning: trait objects without an explicit `dyn` are deprecated
[INFO] [stdout]    --> src/http_pools.rs:127:36
[INFO] [stdout]     |
[INFO] [stdout] 127 |     fn visit<'x>(&'x self, v: &mut Visitor<'x>) {
[INFO] [stdout]     |                                    ^^^^^^^^^^^ help: use `dyn`: `dyn Visitor<'x>`
[INFO] [stdout] 
[INFO] [stdout] 
[INFO] [stdout] warning: trait objects without an explicit `dyn` are deprecated
[INFO] [stdout]   --> src/incoming/mod.rs:15:27
[INFO] [stdout]    |
[INFO] [stdout] 15 | pub type Request<S> = Box<Codec<S, ResponseFuture=Reply<S>>>;
[INFO] [stdout]    |                           ^^^^^^^^^^^^^^^^^^^^^^^^^^^^^^^^^ help: use `dyn`: `dyn Codec<S, ResponseFuture=Reply<S>>`
[INFO] [stdout] 
[INFO] [stdout] 
[INFO] [stdout] warning: trait objects without an explicit `dyn` are deprecated
[INFO] [stdout]   --> src/incoming/mod.rs:16:25
[INFO] [stdout]    |
[INFO] [stdout] 16 | pub type Reply<S> = Box<Future<Item=EncoderDone<S>, Error=Error>>;
[INFO] [stdout]    |                         ^^^^^^^^^^^^^^^^^^^^^^^^^^^^^^^^^^^^^^^^ help: use `dyn`: `dyn Future<Item=EncoderDone<S>, Error=Error>`
[INFO] [stdout] 
[INFO] [stdout] 
[INFO] [stdout] warning: trait objects without an explicit `dyn` are deprecated
[INFO] [stdout]   --> src/metrics.rs:10:48
[INFO] [stdout]    |
[INFO] [stdout] 10 | pub type List = Vec<(Metric<'static>, &'static Value)>;
[INFO] [stdout]    |                                                ^^^^^ help: use `dyn`: `dyn Value`
[INFO] [stdout] 
[INFO] [stdout] 
[INFO] [stdout] warning: trait objects without an explicit `dyn` are deprecated
[INFO] [stdout]   --> src/metrics.rs:17:54
[INFO] [stdout]    |
[INFO] [stdout] 17 | pub struct ActiveCollection(OwningHandle<Box<Vec<Box<Collection>>>, Wrapper>);
[INFO] [stdout]    |                                                      ^^^^^^^^^^ help: use `dyn`: `dyn Collection`
[INFO] [stdout] 
[INFO] [stdout] 
[INFO] [stdout] warning: trait objects without an explicit `dyn` are deprecated
[INFO] [stdout]   --> src/metrics.rs:27:29
[INFO] [stdout]    |
[INFO] [stdout] 27 |     fn visit(&self, s: &mut NameVisitor) {
[INFO] [stdout]    |                             ^^^^^^^^^^^ help: use `dyn`: `dyn NameVisitor`
[INFO] [stdout] 
[INFO] [stdout] 
[INFO] [stdout] warning: trait objects without an explicit `dyn` are deprecated
[INFO] [stdout]   --> src/metrics.rs:38:51
[INFO] [stdout]    |
[INFO] [stdout] 38 | pub fn all(runtime: &Arc<Runtime>) -> Box<Vec<Box<Collection>>> {
[INFO] [stdout]    |                                                   ^^^^^^^^^^ help: use `dyn`: `dyn Collection`
[INFO] [stdout] 
[INFO] [stdout] 
[INFO] [stdout] warning: unnecessary parentheses around function argument
[INFO] [stdout]   --> src/proxy/backend.rs:75:12
[INFO] [stdout]    |
[INFO] [stdout] 75 |         Ok((Async::Ready(data.len())))
[INFO] [stdout]    |            ^^^^^^^^^^^^^^^^^^^^^^^^^^ help: remove these parentheses
[INFO] [stdout] 
[INFO] [stdout] 
[INFO] [stdout] warning: use of deprecated constant `std::sync::atomic::ATOMIC_USIZE_INIT`: the `new` function is now preferred
[INFO] [stdout]   --> src/chat/cid.rs:20:46
[INFO] [stdout]    |
[INFO] [stdout] 20 |         use std::sync::atomic::{AtomicUsize, ATOMIC_USIZE_INIT, Ordering};
[INFO] [stdout]    |                                              ^^^^^^^^^^^^^^^^^
[INFO] [stdout]    |
[INFO] [stdout]    = note: `#[warn(deprecated)]` on by default
[INFO] [stdout] 
[INFO] [stdout] 
[INFO] [stdout] warning: use of deprecated constant `std::sync::atomic::ATOMIC_USIZE_INIT`: the `new` function is now preferred
[INFO] [stdout]   --> src/chat/cid.rs:21:39
[INFO] [stdout]    |
[INFO] [stdout] 21 |         static COUNTER: AtomicUsize = ATOMIC_USIZE_INIT;
[INFO] [stdout]    |                                       ^^^^^^^^^^^^^^^^^ help: replace the use of the deprecated constant: `AtomicUsize::new(0)`
[INFO] [stdout] 
[INFO] [stdout] 
[INFO] [stdout] warning: unnecessary parentheses around function argument
[INFO] [stdout]    --> src/chat/backend.rs:310:12
[INFO] [stdout]     |
[INFO] [stdout] 310 |         Ok((Async::Ready(data.len())))
[INFO] [stdout]     |            ^^^^^^^^^^^^^^^^^^^^^^^^^^ help: remove these parentheses
[INFO] [stdout]     |
[INFO] [stdout]     = note: `#[warn(unused_parens)]` on by default
[INFO] [stdout] 
[INFO] [stdout] 
[INFO] [stdout] warning: unnecessary parentheses around function argument
[INFO] [stdout]    --> src/chat/backend.rs:412:12
[INFO] [stdout]     |
[INFO] [stdout] 412 |         Ok((Async::Ready(data.len())))
[INFO] [stdout]     |            ^^^^^^^^^^^^^^^^^^^^^^^^^^ help: remove these parentheses
[INFO] [stdout] 
[INFO] [stdout] 
[INFO] [stdout] warning: unnecessary parentheses around function argument
[INFO] [stdout]    --> src/chat/backend.rs:450:12
[INFO] [stdout]     |
[INFO] [stdout] 450 |         Ok((Async::Ready(data.len())))
[INFO] [stdout]     |            ^^^^^^^^^^^^^^^^^^^^^^^^^^ help: remove these parentheses
[INFO] [stdout] 
[INFO] [stdout] 
[INFO] [stdout] warning: `...` range patterns are deprecated
[INFO] [stdout]   --> src/handlers/files/decode.rs:24:13
[INFO] [stdout]    |
[INFO] [stdout] 24 |         b'0'...b'9' => Ok(b & 0x0f),
[INFO] [stdout]    |             ^^^ help: use `..=` for an inclusive range
[INFO] [stdout]    |
[INFO] [stdout]    = note: `#[warn(ellipsis_inclusive_range_patterns)]` on by default
[INFO] [stdout] 
[INFO] [stdout] 
[INFO] [stdout] warning: `...` range patterns are deprecated
[INFO] [stdout]   --> src/handlers/files/decode.rs:25:13
[INFO] [stdout]    |
[INFO] [stdout] 25 |         b'a'...b'f' | b'A'...b'F' => Ok((b & 0x0f) + 9),
[INFO] [stdout]    |             ^^^ help: use `..=` for an inclusive range
[INFO] [stdout] 
[INFO] [stdout] 
[INFO] [stdout] warning: `...` range patterns are deprecated
[INFO] [stdout]   --> src/handlers/files/decode.rs:25:27
[INFO] [stdout]    |
[INFO] [stdout] 25 |         b'a'...b'f' | b'A'...b'F' => Ok((b & 0x0f) + 9),
[INFO] [stdout]    |                           ^^^ help: use `..=` for an inclusive range
[INFO] [stdout] 
[INFO] [stdout] 
[INFO] [stdout] warning: trait objects without an explicit `dyn` are deprecated
[INFO] [stdout]   --> src/handlers/self_status.rs:29:39
[INFO] [stdout]    |
[INFO] [stdout] 29 |             metrics: Json<'a, Vec<Box<Collection>>>,
[INFO] [stdout]    |                                       ^^^^^^^^^^ help: use `dyn`: `dyn Collection`
[INFO] [stdout]    |
[INFO] [stdout]    = note: `#[warn(bare_trait_objects)]` on by default
[INFO] [stdout] 
[INFO] [stdout] 
[INFO] [stdout] warning: trait objects without an explicit `dyn` are deprecated
[INFO] [stdout]   --> src/http_pools.rs:51:9
[INFO] [stdout]    |
[INFO] [stdout] 51 |     Box<Codec<TcpStream, Future=HttpFuture<TcpStream>>+Send>,
[INFO] [stdout]    |         ^^^^^^^^^^^^^^^^^^^^^^^^^^^^^^^^^^^^^^^^^^^^^^^^^^^ help: use `dyn`: `dyn Codec<TcpStream, Future=HttpFuture<TcpStream>>+Send`
[INFO] [stdout] 
[INFO] [stdout] 
[INFO] [stdout] warning: trait objects without an explicit `dyn` are deprecated
[INFO] [stdout]    --> src/http_pools.rs:127:36
[INFO] [stdout]     |
[INFO] [stdout] 127 |     fn visit<'x>(&'x self, v: &mut Visitor<'x>) {
[INFO] [stdout]     |                                    ^^^^^^^^^^^ help: use `dyn`: `dyn Visitor<'x>`
[INFO] [stdout] 
[INFO] [stdout] 
[INFO] [stdout] warning: trait objects without an explicit `dyn` are deprecated
[INFO] [stdout]   --> src/incoming/mod.rs:15:27
[INFO] [stdout]    |
[INFO] [stdout] 15 | pub type Request<S> = Box<Codec<S, ResponseFuture=Reply<S>>>;
[INFO] [stdout]    |                           ^^^^^^^^^^^^^^^^^^^^^^^^^^^^^^^^^ help: use `dyn`: `dyn Codec<S, ResponseFuture=Reply<S>>`
[INFO] [stdout] 
[INFO] [stdout] 
[INFO] [stdout] warning: trait objects without an explicit `dyn` are deprecated
[INFO] [stdout]   --> src/incoming/mod.rs:16:25
[INFO] [stdout]    |
[INFO] [stdout] 16 | pub type Reply<S> = Box<Future<Item=EncoderDone<S>, Error=Error>>;
[INFO] [stdout]    |                         ^^^^^^^^^^^^^^^^^^^^^^^^^^^^^^^^^^^^^^^^ help: use `dyn`: `dyn Future<Item=EncoderDone<S>, Error=Error>`
[INFO] [stdout] 
[INFO] [stdout] 
[INFO] [stdout] warning: trait objects without an explicit `dyn` are deprecated
[INFO] [stdout]   --> src/metrics.rs:10:48
[INFO] [stdout]    |
[INFO] [stdout] 10 | pub type List = Vec<(Metric<'static>, &'static Value)>;
[INFO] [stdout]    |                                                ^^^^^ help: use `dyn`: `dyn Value`
[INFO] [stdout] 
[INFO] [stdout] 
[INFO] [stdout] warning: trait objects without an explicit `dyn` are deprecated
[INFO] [stdout]   --> src/metrics.rs:17:54
[INFO] [stdout]    |
[INFO] [stdout] 17 | pub struct ActiveCollection(OwningHandle<Box<Vec<Box<Collection>>>, Wrapper>);
[INFO] [stdout]    |                                                      ^^^^^^^^^^ help: use `dyn`: `dyn Collection`
[INFO] [stdout] 
[INFO] [stdout] 
[INFO] [stdout] warning: trait objects without an explicit `dyn` are deprecated
[INFO] [stdout]   --> src/metrics.rs:27:29
[INFO] [stdout]    |
[INFO] [stdout] 27 |     fn visit(&self, s: &mut NameVisitor) {
[INFO] [stdout]    |                             ^^^^^^^^^^^ help: use `dyn`: `dyn NameVisitor`
[INFO] [stdout] 
[INFO] [stdout] 
[INFO] [stdout] warning: trait objects without an explicit `dyn` are deprecated
[INFO] [stdout]   --> src/metrics.rs:38:51
[INFO] [stdout]    |
[INFO] [stdout] 38 | pub fn all(runtime: &Arc<Runtime>) -> Box<Vec<Box<Collection>>> {
[INFO] [stdout]    |                                                   ^^^^^^^^^^ help: use `dyn`: `dyn Collection`
[INFO] [stdout] 
[INFO] [stdout] 
[INFO] [stdout] warning: unnecessary parentheses around function argument
[INFO] [stdout]   --> src/proxy/backend.rs:75:12
[INFO] [stdout]    |
[INFO] [stdout] 75 |         Ok((Async::Ready(data.len())))
[INFO] [stdout]    |            ^^^^^^^^^^^^^^^^^^^^^^^^^^ help: remove these parentheses
[INFO] [stdout] 
[INFO] [stdout] 
[INFO] [stdout] warning: unnecessary parentheses around function argument
[INFO] [stdout]    --> src/chat/backend.rs:310:12
[INFO] [stdout]     |
[INFO] [stdout] 310 |         Ok((Async::Ready(data.len())))
[INFO] [stdout]     |            ^^^^^^^^^^^^^^^^^^^^^^^^^^ help: remove these parentheses
[INFO] [stdout]     |
[INFO] [stdout]     = note: `#[warn(unused_parens)]` on by default
[INFO] [stdout] 
[INFO] [stdout] 
[INFO] [stdout] warning: unnecessary parentheses around function argument
[INFO] [stdout]    --> src/chat/backend.rs:412:12
[INFO] [stdout]     |
[INFO] [stdout] 412 |         Ok((Async::Ready(data.len())))
[INFO] [stdout]     |            ^^^^^^^^^^^^^^^^^^^^^^^^^^ help: remove these parentheses
[INFO] [stdout] 
[INFO] [stdout] 
[INFO] [stdout] warning: unnecessary parentheses around function argument
[INFO] [stdout]    --> src/chat/backend.rs:450:12
[INFO] [stdout]     |
[INFO] [stdout] 450 |         Ok((Async::Ready(data.len())))
[INFO] [stdout]     |            ^^^^^^^^^^^^^^^^^^^^^^^^^^ help: remove these parentheses
[INFO] [stdout] 
[INFO] [stdout] 
[INFO] [stdout] warning: `...` range patterns are deprecated
[INFO] [stdout]   --> src/handlers/files/decode.rs:24:13
[INFO] [stdout]    |
[INFO] [stdout] 24 |         b'0'...b'9' => Ok(b & 0x0f),
[INFO] [stdout]    |             ^^^ help: use `..=` for an inclusive range
[INFO] [stdout]    |
[INFO] [stdout]    = note: `#[warn(ellipsis_inclusive_range_patterns)]` on by default
[INFO] [stdout] 
[INFO] [stdout] 
[INFO] [stdout] warning: `...` range patterns are deprecated
[INFO] [stdout]   --> src/handlers/files/decode.rs:25:13
[INFO] [stdout]    |
[INFO] [stdout] 25 |         b'a'...b'f' | b'A'...b'F' => Ok((b & 0x0f) + 9),
[INFO] [stdout]    |             ^^^ help: use `..=` for an inclusive range
[INFO] [stdout] 
[INFO] [stdout] 
[INFO] [stdout] warning: `...` range patterns are deprecated
[INFO] [stdout]   --> src/handlers/files/decode.rs:25:27
[INFO] [stdout]    |
[INFO] [stdout] 25 |         b'a'...b'f' | b'A'...b'F' => Ok((b & 0x0f) + 9),
[INFO] [stdout]    |                           ^^^ help: use `..=` for an inclusive range
[INFO] [stdout] 
[INFO] [stdout] 
[INFO] [stdout] warning: trait objects without an explicit `dyn` are deprecated
[INFO] [stdout]   --> src/handlers/self_status.rs:29:39
[INFO] [stdout]    |
[INFO] [stdout] 29 |             metrics: Json<'a, Vec<Box<Collection>>>,
[INFO] [stdout]    |                                       ^^^^^^^^^^ help: use `dyn`: `dyn Collection`
[INFO] [stdout]    |
[INFO] [stdout]    = note: `#[warn(bare_trait_objects)]` on by default
[INFO] [stdout] 
[INFO] [stdout] 
[INFO] [stdout] warning: trait objects without an explicit `dyn` are deprecated
[INFO] [stdout]   --> src/http_pools.rs:51:9
[INFO] [stdout]    |
[INFO] [stdout] 51 |     Box<Codec<TcpStream, Future=HttpFuture<TcpStream>>+Send>,
[INFO] [stdout]    |         ^^^^^^^^^^^^^^^^^^^^^^^^^^^^^^^^^^^^^^^^^^^^^^^^^^^ help: use `dyn`: `dyn Codec<TcpStream, Future=HttpFuture<TcpStream>>+Send`
[INFO] [stdout] 
[INFO] [stdout] 
[INFO] [stdout] warning: trait objects without an explicit `dyn` are deprecated
[INFO] [stdout]    --> src/http_pools.rs:127:36
[INFO] [stdout]     |
[INFO] [stdout] 127 |     fn visit<'x>(&'x self, v: &mut Visitor<'x>) {
[INFO] [stdout]     |                                    ^^^^^^^^^^^ help: use `dyn`: `dyn Visitor<'x>`
[INFO] [stdout] 
[INFO] [stdout] 
[INFO] [stdout] warning: trait objects without an explicit `dyn` are deprecated
[INFO] [stdout]   --> src/incoming/mod.rs:15:27
[INFO] [stdout]    |
[INFO] [stdout] 15 | pub type Request<S> = Box<Codec<S, ResponseFuture=Reply<S>>>;
[INFO] [stdout]    |                           ^^^^^^^^^^^^^^^^^^^^^^^^^^^^^^^^^ help: use `dyn`: `dyn Codec<S, ResponseFuture=Reply<S>>`
[INFO] [stdout] 
[INFO] [stdout] 
[INFO] [stdout] warning: trait objects without an explicit `dyn` are deprecated
[INFO] [stdout]   --> src/incoming/mod.rs:16:25
[INFO] [stdout]    |
[INFO] [stdout] 16 | pub type Reply<S> = Box<Future<Item=EncoderDone<S>, Error=Error>>;
[INFO] [stdout]    |                         ^^^^^^^^^^^^^^^^^^^^^^^^^^^^^^^^^^^^^^^^ help: use `dyn`: `dyn Future<Item=EncoderDone<S>, Error=Error>`
[INFO] [stdout] 
[INFO] [stdout] 
[INFO] [stdout] warning: trait objects without an explicit `dyn` are deprecated
[INFO] [stdout]   --> src/metrics.rs:10:48
[INFO] [stdout]    |
[INFO] [stdout] 10 | pub type List = Vec<(Metric<'static>, &'static Value)>;
[INFO] [stdout]    |                                                ^^^^^ help: use `dyn`: `dyn Value`
[INFO] [stdout] 
[INFO] [stdout] 
[INFO] [stdout] warning: trait objects without an explicit `dyn` are deprecated
[INFO] [stdout]   --> src/metrics.rs:17:54
[INFO] [stdout]    |
[INFO] [stdout] 17 | pub struct ActiveCollection(OwningHandle<Box<Vec<Box<Collection>>>, Wrapper>);
[INFO] [stdout]    |                                                      ^^^^^^^^^^ help: use `dyn`: `dyn Collection`
[INFO] [stdout] 
[INFO] [stdout] 
[INFO] [stdout] warning: trait objects without an explicit `dyn` are deprecated
[INFO] [stdout]   --> src/metrics.rs:27:29
[INFO] [stdout]    |
[INFO] [stdout] 27 |     fn visit(&self, s: &mut NameVisitor) {
[INFO] [stdout]    |                             ^^^^^^^^^^^ help: use `dyn`: `dyn NameVisitor`
[INFO] [stdout] 
[INFO] [stdout] 
[INFO] [stdout] warning: trait objects without an explicit `dyn` are deprecated
[INFO] [stdout]   --> src/metrics.rs:38:51
[INFO] [stdout]    |
[INFO] [stdout] 38 | pub fn all(runtime: &Arc<Runtime>) -> Box<Vec<Box<Collection>>> {
[INFO] [stdout]    |                                                   ^^^^^^^^^^ help: use `dyn`: `dyn Collection`
[INFO] [stdout] 
[INFO] [stdout] 
[INFO] [stdout] warning: unnecessary parentheses around function argument
[INFO] [stdout]   --> src/proxy/backend.rs:75:12
[INFO] [stdout]    |
[INFO] [stdout] 75 |         Ok((Async::Ready(data.len())))
[INFO] [stdout]    |            ^^^^^^^^^^^^^^^^^^^^^^^^^^ help: remove these parentheses
[INFO] [stdout] 
[INFO] [stdout] 
[INFO] [stdout] warning: unnecessary parentheses around function argument
[INFO] [stdout]    --> src/chat/backend.rs:310:12
[INFO] [stdout]     |
[INFO] [stdout] 310 |         Ok((Async::Ready(data.len())))
[INFO] [stdout]     |            ^^^^^^^^^^^^^^^^^^^^^^^^^^ help: remove these parentheses
[INFO] [stdout]     |
[INFO] [stdout]     = note: `#[warn(unused_parens)]` on by default
[INFO] [stdout] 
[INFO] [stdout] 
[INFO] [stdout] warning: unnecessary parentheses around function argument
[INFO] [stdout]    --> src/chat/backend.rs:412:12
[INFO] [stdout]     |
[INFO] [stdout] 412 |         Ok((Async::Ready(data.len())))
[INFO] [stdout]     |            ^^^^^^^^^^^^^^^^^^^^^^^^^^ help: remove these parentheses
[INFO] [stdout] 
[INFO] [stdout] 
[INFO] [stdout] warning: unnecessary parentheses around function argument
[INFO] [stdout]    --> src/chat/backend.rs:450:12
[INFO] [stdout]     |
[INFO] [stdout] 450 |         Ok((Async::Ready(data.len())))
[INFO] [stdout]     |            ^^^^^^^^^^^^^^^^^^^^^^^^^^ help: remove these parentheses
[INFO] [stdout] 
[INFO] [stdout] 
[INFO] [stdout] warning: `...` range patterns are deprecated
[INFO] [stdout]   --> src/handlers/files/decode.rs:24:13
[INFO] [stdout]    |
[INFO] [stdout] 24 |         b'0'...b'9' => Ok(b & 0x0f),
[INFO] [stdout]    |             ^^^ help: use `..=` for an inclusive range
[INFO] [stdout]    |
[INFO] [stdout]    = note: `#[warn(ellipsis_inclusive_range_patterns)]` on by default
[INFO] [stdout] 
[INFO] [stdout] 
[INFO] [stdout] warning: `...` range patterns are deprecated
[INFO] [stdout]   --> src/handlers/files/decode.rs:25:13
[INFO] [stdout]    |
[INFO] [stdout] 25 |         b'a'...b'f' | b'A'...b'F' => Ok((b & 0x0f) + 9),
[INFO] [stdout]    |             ^^^ help: use `..=` for an inclusive range
[INFO] [stdout] 
[INFO] [stdout] 
[INFO] [stdout] warning: `...` range patterns are deprecated
[INFO] [stdout]   --> src/handlers/files/decode.rs:25:27
[INFO] [stdout]    |
[INFO] [stdout] 25 |         b'a'...b'f' | b'A'...b'F' => Ok((b & 0x0f) + 9),
[INFO] [stdout]    |                           ^^^ help: use `..=` for an inclusive range
[INFO] [stdout] 
[INFO] [stdout] 
[INFO] [stdout] warning: trait objects without an explicit `dyn` are deprecated
[INFO] [stdout]   --> src/handlers/self_status.rs:29:39
[INFO] [stdout]    |
[INFO] [stdout] 29 |             metrics: Json<'a, Vec<Box<Collection>>>,
[INFO] [stdout]    |                                       ^^^^^^^^^^ help: use `dyn`: `dyn Collection`
[INFO] [stdout]    |
[INFO] [stdout]    = note: `#[warn(bare_trait_objects)]` on by default
[INFO] [stdout] 
[INFO] [stdout] 
[INFO] [stdout] warning: trait objects without an explicit `dyn` are deprecated
[INFO] [stdout]   --> src/http_pools.rs:51:9
[INFO] [stdout]    |
[INFO] [stdout] 51 |     Box<Codec<TcpStream, Future=HttpFuture<TcpStream>>+Send>,
[INFO] [stdout]    |         ^^^^^^^^^^^^^^^^^^^^^^^^^^^^^^^^^^^^^^^^^^^^^^^^^^^ help: use `dyn`: `dyn Codec<TcpStream, Future=HttpFuture<TcpStream>>+Send`
[INFO] [stdout] 
[INFO] [stdout] 
[INFO] [stdout] warning: trait objects without an explicit `dyn` are deprecated
[INFO] [stdout]    --> src/http_pools.rs:127:36
[INFO] [stdout]     |
[INFO] [stdout] 127 |     fn visit<'x>(&'x self, v: &mut Visitor<'x>) {
[INFO] [stdout]     |                                    ^^^^^^^^^^^ help: use `dyn`: `dyn Visitor<'x>`
[INFO] [stdout] 
[INFO] [stdout] 
[INFO] [stdout] warning: trait objects without an explicit `dyn` are deprecated
[INFO] [stdout]   --> src/incoming/mod.rs:15:27
[INFO] [stdout]    |
[INFO] [stdout] 15 | pub type Request<S> = Box<Codec<S, ResponseFuture=Reply<S>>>;
[INFO] [stdout]    |                           ^^^^^^^^^^^^^^^^^^^^^^^^^^^^^^^^^ help: use `dyn`: `dyn Codec<S, ResponseFuture=Reply<S>>`
[INFO] [stdout] 
[INFO] [stdout] 
[INFO] [stdout] warning: trait objects without an explicit `dyn` are deprecated
[INFO] [stdout]   --> src/incoming/mod.rs:16:25
[INFO] [stdout]    |
[INFO] [stdout] 16 | pub type Reply<S> = Box<Future<Item=EncoderDone<S>, Error=Error>>;
[INFO] [stdout]    |                         ^^^^^^^^^^^^^^^^^^^^^^^^^^^^^^^^^^^^^^^^ help: use `dyn`: `dyn Future<Item=EncoderDone<S>, Error=Error>`
[INFO] [stdout] 
[INFO] [stdout] 
[INFO] [stdout] warning: trait objects without an explicit `dyn` are deprecated
[INFO] [stdout]   --> src/metrics.rs:10:48
[INFO] [stdout]    |
[INFO] [stdout] 10 | pub type List = Vec<(Metric<'static>, &'static Value)>;
[INFO] [stdout]    |                                                ^^^^^ help: use `dyn`: `dyn Value`
[INFO] [stdout] 
[INFO] [stdout] 
[INFO] [stdout] warning: trait objects without an explicit `dyn` are deprecated
[INFO] [stdout]   --> src/metrics.rs:17:54
[INFO] [stdout]    |
[INFO] [stdout] 17 | pub struct ActiveCollection(OwningHandle<Box<Vec<Box<Collection>>>, Wrapper>);
[INFO] [stdout]    |                                                      ^^^^^^^^^^ help: use `dyn`: `dyn Collection`
[INFO] [stdout] 
[INFO] [stdout] 
[INFO] [stdout] warning: trait objects without an explicit `dyn` are deprecated
[INFO] [stdout]   --> src/metrics.rs:27:29
[INFO] [stdout]    |
[INFO] [stdout] 27 |     fn visit(&self, s: &mut NameVisitor) {
[INFO] [stdout]    |                             ^^^^^^^^^^^ help: use `dyn`: `dyn NameVisitor`
[INFO] [stdout] 
[INFO] [stdout] 
[INFO] [stdout] warning: trait objects without an explicit `dyn` are deprecated
[INFO] [stdout]   --> src/metrics.rs:38:51
[INFO] [stdout]    |
[INFO] [stdout] 38 | pub fn all(runtime: &Arc<Runtime>) -> Box<Vec<Box<Collection>>> {
[INFO] [stdout]    |                                                   ^^^^^^^^^^ help: use `dyn`: `dyn Collection`
[INFO] [stdout] 
[INFO] [stdout] 
[INFO] [stdout] warning: unnecessary parentheses around function argument
[INFO] [stdout]   --> src/proxy/backend.rs:75:12
[INFO] [stdout]    |
[INFO] [stdout] 75 |         Ok((Async::Ready(data.len())))
[INFO] [stdout]    |            ^^^^^^^^^^^^^^^^^^^^^^^^^^ help: remove these parentheses
[INFO] [stdout] 
[INFO] [stdout] 
[INFO] [stdout] warning: use of deprecated constant `std::sync::atomic::ATOMIC_USIZE_INIT`: the `new` function is now preferred
[INFO] [stdout]   --> src/chat/cid.rs:20:46
[INFO] [stdout]    |
[INFO] [stdout] 20 |         use std::sync::atomic::{AtomicUsize, ATOMIC_USIZE_INIT, Ordering};
[INFO] [stdout]    |                                              ^^^^^^^^^^^^^^^^^
[INFO] [stdout]    |
[INFO] [stdout]    = note: `#[warn(deprecated)]` on by default
[INFO] [stdout] 
[INFO] [stdout] 
[INFO] [stdout] warning: use of deprecated constant `std::sync::atomic::ATOMIC_USIZE_INIT`: the `new` function is now preferred
[INFO] [stdout]   --> src/chat/cid.rs:21:39
[INFO] [stdout]    |
[INFO] [stdout] 21 |         static COUNTER: AtomicUsize = ATOMIC_USIZE_INIT;
[INFO] [stdout]    |                                       ^^^^^^^^^^^^^^^^^ help: replace the use of the deprecated constant: `AtomicUsize::new(0)`
[INFO] [stdout] 
[INFO] [stdout] 
[INFO] [stdout] warning: use of deprecated constant `std::sync::atomic::ATOMIC_USIZE_INIT`: the `new` function is now preferred
[INFO] [stdout]   --> src/chat/cid.rs:20:46
[INFO] [stdout]    |
[INFO] [stdout] 20 |         use std::sync::atomic::{AtomicUsize, ATOMIC_USIZE_INIT, Ordering};
[INFO] [stdout]    |                                              ^^^^^^^^^^^^^^^^^
[INFO] [stdout]    |
[INFO] [stdout]    = note: `#[warn(deprecated)]` on by default
[INFO] [stdout] 
[INFO] [stdout] 
[INFO] [stdout] warning: use of deprecated constant `std::sync::atomic::ATOMIC_USIZE_INIT`: the `new` function is now preferred
[INFO] [stdout]   --> src/chat/cid.rs:21:39
[INFO] [stdout]    |
[INFO] [stdout] 21 |         static COUNTER: AtomicUsize = ATOMIC_USIZE_INIT;
[INFO] [stdout]    |                                       ^^^^^^^^^^^^^^^^^ help: replace the use of the deprecated constant: `AtomicUsize::new(0)`
[INFO] [stdout] 
[INFO] [stdout] 
[INFO] [stdout] warning: use of deprecated constant `std::sync::atomic::ATOMIC_USIZE_INIT`: the `new` function is now preferred
[INFO] [stdout]   --> src/chat/cid.rs:20:46
[INFO] [stdout]    |
[INFO] [stdout] 20 |         use std::sync::atomic::{AtomicUsize, ATOMIC_USIZE_INIT, Ordering};
[INFO] [stdout]    |                                              ^^^^^^^^^^^^^^^^^
[INFO] [stdout]    |
[INFO] [stdout]    = note: `#[warn(deprecated)]` on by default
[INFO] [stdout] 
[INFO] [stdout] 
[INFO] [stdout] warning: use of deprecated constant `std::sync::atomic::ATOMIC_USIZE_INIT`: the `new` function is now preferred
[INFO] [stdout]   --> src/chat/cid.rs:21:39
[INFO] [stdout]    |
[INFO] [stdout] 21 |         static COUNTER: AtomicUsize = ATOMIC_USIZE_INIT;
[INFO] [stdout]    |                                       ^^^^^^^^^^^^^^^^^ help: replace the use of the deprecated constant: `AtomicUsize::new(0)`
[INFO] [stdout] 
[INFO] [stdout] 
[INFO] [stdout] warning: use of deprecated associated function `core::str::<impl str>::trim_right_matches`: superseded by `trim_end_matches`
[INFO] [stdout]   --> src/handlers/files/index.rs:63:30
[INFO] [stdout]    |
[INFO] [stdout] 63 |     let vpath = virtual_path.trim_right_matches('/');
[INFO] [stdout]    |                              ^^^^^^^^^^^^^^^^^^ help: replace the use of the deprecated associated function: `trim_end_matches`
[INFO] [stdout] 
[INFO] [stdout] 
[INFO] [stdout] warning: use of deprecated associated function `core::str::<impl str>::trim_right_matches`: superseded by `trim_end_matches`
[INFO] [stdout]   --> src/handlers/files/index.rs:63:30
[INFO] [stdout]    |
[INFO] [stdout] 63 |     let vpath = virtual_path.trim_right_matches('/');
[INFO] [stdout]    |                              ^^^^^^^^^^^^^^^^^^ help: replace the use of the deprecated associated function: `trim_end_matches`
[INFO] [stdout] 
[INFO] [stdout] 
[INFO] [stdout] error[E0382]: assign to part of moved value: `session`
[INFO] [stdout]    --> src/chat/processor/pool.rs:180:13
[INFO] [stdout]     |
[INFO] [stdout] 175 |             let mut session = Session::new();
[INFO] [stdout]     |                 ----------- move occurs because `session` has type `Session`, which does not implement the `Copy` trait
[INFO] [stdout] ...
[INFO] [stdout] 179 |             self.sessions.active.insert(session_id.clone(), expire, session);
[INFO] [stdout]     |                                                                     ------- value moved here
[INFO] [stdout] 180 |             session.status_timestamp = now;
[INFO] [stdout]     |             ^^^^^^^^^^^^^^^^^^^^^^^^^^^^^^ value partially assigned here after move
[INFO] [stdout] 
[INFO] [stdout] 
[INFO] [stdout] error[E0382]: assign to part of moved value: `sess`
[INFO] [stdout]    --> src/chat/processor/pool.rs:295:17
[INFO] [stdout]     |
[INFO] [stdout] 292 |                 let mut sess = Session::new();
[INFO] [stdout]     |                     -------- move occurs because `sess` has type `Session`, which does not implement the `Copy` trait
[INFO] [stdout] 293 |                 self.sessions.active.insert(
[INFO] [stdout] 294 |                     sess_id.clone(), activity_ts, sess);
[INFO] [stdout]     |                                                   ---- value moved here
[INFO] [stdout] 295 |                 sess.status_timestamp = now;
[INFO] [stdout]     |                 ^^^^^^^^^^^^^^^^^^^^^^^^^^^ value partially assigned here after move
[INFO] [stdout] 
[INFO] [stdout] 
[INFO] [stdout] warning: use of deprecated associated function `core::str::<impl str>::trim_right_matches`: superseded by `trim_end_matches`
[INFO] [stdout]   --> src/handlers/files/index.rs:63:30
[INFO] [stdout]    |
[INFO] [stdout] 63 |     let vpath = virtual_path.trim_right_matches('/');
[INFO] [stdout]    |                              ^^^^^^^^^^^^^^^^^^ help: replace the use of the deprecated associated function: `trim_end_matches`
[INFO] [stdout] 
[INFO] [stdout] 
[INFO] [stdout] warning: use of deprecated associated function `core::str::<impl str>::trim_right_matches`: superseded by `trim_end_matches`
[INFO] [stdout]   --> src/handlers/files/index.rs:63:30
[INFO] [stdout]    |
[INFO] [stdout] 63 |     let vpath = virtual_path.trim_right_matches('/');
[INFO] [stdout]    |                              ^^^^^^^^^^^^^^^^^^ help: replace the use of the deprecated associated function: `trim_end_matches`
[INFO] [stdout] 
[INFO] [stdout] 
[INFO] [stdout] error[E0382]: assign to part of moved value: `session`
[INFO] [stdout]    --> src/chat/processor/pool.rs:180:13
[INFO] [stdout]     |
[INFO] [stdout] 175 |             let mut session = Session::new();
[INFO] [stdout]     |                 ----------- move occurs because `session` has type `Session`, which does not implement the `Copy` trait
[INFO] [stdout] ...
[INFO] [stdout] 179 |             self.sessions.active.insert(session_id.clone(), expire, session);
[INFO] [stdout]     |                                                                     ------- value moved here
[INFO] [stdout] 180 |             session.status_timestamp = now;
[INFO] [stdout]     |             ^^^^^^^^^^^^^^^^^^^^^^^^^^^^^^ value partially assigned here after move
[INFO] [stdout] 
[INFO] [stdout] 
[INFO] [stdout] error[E0382]: assign to part of moved value: `sess`
[INFO] [stdout]    --> src/chat/processor/pool.rs:295:17
[INFO] [stdout]     |
[INFO] [stdout] 292 |                 let mut sess = Session::new();
[INFO] [stdout]     |                     -------- move occurs because `sess` has type `Session`, which does not implement the `Copy` trait
[INFO] [stdout] 293 |                 self.sessions.active.insert(
[INFO] [stdout] 294 |                     sess_id.clone(), activity_ts, sess);
[INFO] [stdout]     |                                                   ---- value moved here
[INFO] [stdout] 295 |                 sess.status_timestamp = now;
[INFO] [stdout]     |                 ^^^^^^^^^^^^^^^^^^^^^^^^^^^ value partially assigned here after move
[INFO] [stdout] 
[INFO] [stdout] 
[INFO] [stdout] error[E0382]: assign to part of moved value: `session`
[INFO] [stdout]    --> src/chat/processor/pool.rs:180:13
[INFO] [stdout]     |
[INFO] [stdout] 175 |             let mut session = Session::new();
[INFO] [stdout]     |                 ----------- move occurs because `session` has type `Session`, which does not implement the `Copy` trait
[INFO] [stdout] ...
[INFO] [stdout] 179 |             self.sessions.active.insert(session_id.clone(), expire, session);
[INFO] [stdout]     |                                                                     ------- value moved here
[INFO] [stdout] 180 |             session.status_timestamp = now;
[INFO] [stdout]     |             ^^^^^^^^^^^^^^^^^^^^^^^^^^^^^^ value partially assigned here after move
[INFO] [stdout] 
[INFO] [stdout] 
[INFO] [stdout] error[E0382]: assign to part of moved value: `sess`
[INFO] [stdout]    --> src/chat/processor/pool.rs:295:17
[INFO] [stdout]     |
[INFO] [stdout] 292 |                 let mut sess = Session::new();
[INFO] [stdout]     |                     -------- move occurs because `sess` has type `Session`, which does not implement the `Copy` trait
[INFO] [stdout] 293 |                 self.sessions.active.insert(
[INFO] [stdout] 294 |                     sess_id.clone(), activity_ts, sess);
[INFO] [stdout]     |                                                   ---- value moved here
[INFO] [stdout] 295 |                 sess.status_timestamp = now;
[INFO] [stdout]     |                 ^^^^^^^^^^^^^^^^^^^^^^^^^^^ value partially assigned here after move
[INFO] [stdout] 
[INFO] [stdout] 
[INFO] [stdout] error[E0382]: assign to part of moved value: `session`
[INFO] [stdout]    --> src/chat/processor/pool.rs:180:13
[INFO] [stdout]     |
[INFO] [stdout] 175 |             let mut session = Session::new();
[INFO] [stdout]     |                 ----------- move occurs because `session` has type `Session`, which does not implement the `Copy` trait
[INFO] [stdout] ...
[INFO] [stdout] 179 |             self.sessions.active.insert(session_id.clone(), expire, session);
[INFO] [stdout]     |                                                                     ------- value moved here
[INFO] [stdout] 180 |             session.status_timestamp = now;
[INFO] [stdout]     |             ^^^^^^^^^^^^^^^^^^^^^^^^^^^^^^ value partially assigned here after move
[INFO] [stdout] 
[INFO] [stdout] 
[INFO] [stdout] error[E0382]: assign to part of moved value: `sess`
[INFO] [stdout]    --> src/chat/processor/pool.rs:295:17
[INFO] [stdout]     |
[INFO] [stdout] 292 |                 let mut sess = Session::new();
[INFO] [stdout]     |                     -------- move occurs because `sess` has type `Session`, which does not implement the `Copy` trait
[INFO] [stdout] 293 |                 self.sessions.active.insert(
[INFO] [stdout] 294 |                     sess_id.clone(), activity_ts, sess);
[INFO] [stdout]     |                                                   ---- value moved here
[INFO] [stdout] 295 |                 sess.status_timestamp = now;
[INFO] [stdout]     |                 ^^^^^^^^^^^^^^^^^^^^^^^^^^^ value partially assigned here after move
[INFO] [stdout] 
[INFO] [stdout] 
[INFO] [stdout] error: aborting due to 2 previous errors; 19 warnings emitted
[INFO] [stdout] 
[INFO] [stdout] 
[INFO] [stdout] For more information about this error, try `rustc --explain E0382`.
[INFO] [stdout] 
[INFO] [stderr] error: could not compile `swindon`.
[INFO] [stderr] 
[INFO] [stderr] To learn more, run the command again with --verbose.
[INFO] [stderr] warning: build failed, waiting for other jobs to finish...
[INFO] [stdout] error: aborting due to 2 previous errors; 19 warnings emitted
[INFO] [stdout] 
[INFO] [stdout] 
[INFO] [stdout] For more information about this error, try `rustc --explain E0382`.
[INFO] [stdout] 
[INFO] [stdout] error: aborting due to 2 previous errors; 19 warnings emitted
[INFO] [stdout] 
[INFO] [stdout] 
[INFO] [stdout] For more information about this error, try `rustc --explain E0382`.
[INFO] [stdout] 
[INFO] [stdout] error: aborting due to 2 previous errors; 19 warnings emitted
[INFO] [stdout] 
[INFO] [stdout] 
[INFO] [stdout] For more information about this error, try `rustc --explain E0382`.
[INFO] [stdout] 
[INFO] [stderr] error: build failed
[INFO] running `Command { std: "docker" "inspect" "dca9b128832b85dd92f42bfdc8c30e2bbf84c0592f50477dc48d0849245aa526", kill_on_drop: false }`
[INFO] running `Command { std: "docker" "rm" "-f" "dca9b128832b85dd92f42bfdc8c30e2bbf84c0592f50477dc48d0849245aa526", kill_on_drop: false }`
[INFO] [stdout] dca9b128832b85dd92f42bfdc8c30e2bbf84c0592f50477dc48d0849245aa526
